 -32?
35
What is the value of (5 - -6 - 11) + -16 - -16?
0
Calculate 0 + -1 + 1 + -7 - -11.
4
Evaluate 2 - 11 - (-82 - -77).
-4
-11 + (-8 - (-11 - -5) - -24)
11
10 - (-3 - -35 - 21)
-1
Evaluate 39 + -48 + (3 - 2) + 0.
-8
(6 + -7 - -13) + (3 - (4 + 0))
11
What is the value of -10 + (50 - 50) + 2 + 1?
-7
Evaluate -6 - 0 - ((1 - -2) + (-23 - -17)).
-3
What is the value of (325 - 284) + (4 - 16)?
29
Evaluate 1 + (116 - 123) + (14 - -1).
9
What is the value of (9 + -21 - -11) + 15?
14
What is the value of 16 + -26 - (15 + -30)?
5
-6 - ((33 - 9) + -15)
-15
Evaluate (8 + -12 - (-1 + 6)) + -3.
-12
Calculate 4 + 5 - (-8 - (-29 + 4)).
-8
What is the value of 9 + -10 + 0 + 1?
0
What is (-4 - 2) + 4 + 8?
6
What is -8 + (2 - -7) + 5 + 2?
8
What is the value of -8 + 3 + 11 + -6 + 1 + -16?
-15
Evaluate 6 + -1 + 21 + 0 + (5 - 0).
31
Evaluate 15 + -23 + 8 - 29.
-29
-6 + 1 + -17 + 22 + -6
-6
Evaluate -55 - 0 - (98 + -121).
-32
(-4 + -2 - (-14 - (-11 + 3))) + 2
2
Evaluate 8 + (-9 - 3) + 4.
0
Calculate (6 - -4) + -18 + 7 + (3 - 3).
-1
What is the value of -5 - (-4 - (-5 - (7 + -13)) - -6)?
-6
What is -4 - (59 + -76 + 4 + 2)?
7
Evaluate -5 + 3 + 4 + (4 - 15).
-9
Evaluate 2 + -16 + 7 - (1 - 3).
-5
Evaluate 6 - (-1 + -14 - (-73 - -59)).
7
Calculate (711 - 704) + -1 + 12 + 0.
18
What is -9 - -4 - 1 - (-11 + 4) - 1?
0
Calculate (189 - 208) + (-1 - -2 - (-4 - -2)).
-16
Evaluate -5 + -4 + (-60 - -55).
-14
Calculate -44 + 50 + -2 + -6 + 2.
0
Evaluate -18 + 17 + (0 - -3 - -5).
7
What is -11 + (-10 - -4) - -16 - (1 - -15)?
-17
What is 40 - (11 + (12 - 3) + (-34 - -14))?
40
(-3 - -1) + (10 - (23 + -11 - 5))
1
What is the value of 7 + (-1 - 0) + (-4 - (15 + -13))?
0
-1 + 26 + (1 - 19) + (-72 - -83)
18
-13 - (-5 - -2 - (18 + -18))
-10
What is (19 - 6 - -13) + -20?
6
(47 - (54 - 12)) + (-1 - 11)
-7
What is the value of 9 - ((-9 - -5) + 2 + -6)?
17
Calculate (-21 - -14) + 41 + -1 + (-7 - 1).
25
What is (-8 - (-1 + -2)) + 0 + 5 + 1?
1
What is the value of 29 + -62 - (-35 + -4)?
6
-49 - -4 - (-12 - -1)
-34
What is the value of -15 + (-8 - (-19 + -5))?
1
Calculate 3 + (-11 - -10) + 10 + 7 + -18.
1
Evaluate -26 + (42 - 35) - (1 - 9).
-11
Evaluate -40 + 29 - ((4 - 1) + -3).
-11
What is (1 + -11 - -11) + -11?
-10
What is the value of 17 - ((2 - 0) + 30)?
-15
Evaluate 16 + (-31 - (16 - 9)).
-22
What is the value of -3 - ((-2 + 10 - 2) + -1)?
-8
Evaluate 3 - (76 + -63) - ((0 - 2) + 13).
-21
(5 + -12 + 9 - -6) + -8
0
What is -5 + 14 - (-14 + 13 - (19 - 2))?
27
Evaluate (-11 - 6 - -7 - -14) + 8.
12
8 + 18 + -19 - -8
15
(-4 - -19) + 40 + -29 + 4
30
-9 + -7 + -231 + 214
-33
Evaluate 1 + (4 + -13 - (-15 + 11)).
-4
Evaluate (0 - 14) + (7 - (3 - 2)) + -1.
-9
(2 - -1 - 39) + -34 + 37
-33
What is -7 - -3 - (-10 + 2 + 0)?
4
-5 + -2 + 1 - (484 - 495)
5
Evaluate 6 + (20 - (77 + -39)).
-12
What is (2 - (-56 + 39)) + -4 + 14?
29
What is the value of (2 - -13) + (6 - 28)?
-7
Calculate (9 - -2 - 6 - 2) + 7.
10
Evaluate 351 + -332 + 1 + -2 + -12.
6
What is the value of -18 + (15 - 0) + -6?
-9
5 + (-3 - (2 + -6)) + 11 + -22
-5
What is the value of (-20 - (7 - 63)) + -35?
1
What is (1 + -1 - -2) + 4 - (854 - 850)?
2
What is the value of -222 + 202 + (16 - 2) + -2?
-8
Evaluate -8 - 3 - (13 + 9 + -25 + 4).
-12
What is the value of -58 + 19 + 6 + 12?
-21
Calculate 12 - (16 + (-15 - (-4 - 14))).
-7
What is 7 - 30 - (0 - (19 + -29))?
-33
Evaluate (76 - 100) + (1 - -39).
16
Calculate 1 + 9 + (-15 - 7).
-12
What is -45 + 54 + (-18 + 21 - (4 - 0))?
8
Calculate -6 - (0 + -1 + (-9 - -5 - 5)).
4
-86 + (42 - -19) - (1 + -16)
-10
What is 20 + (-30 + -39 - -38)?
-11
What is 9 + -1 + (-22 - (10 - 23 - -11))?
-12
-23 - (-17 - (-13 - 1))
-20
Evaluate -36 + 37 + (2 - 1) + 1 + -1.
2
Evaluate 7 + 0 - (-13 + 27).
-7
Evaluate 137 + -126 + -2 + -4 + 2 + -22.
-15
Calculate (414 - 406) + (2 + -2 - 17).
-9
-4 - -16 - 13 - 3
-4
What is the value of (-3 - -1) + -2 + (-8 - -17) - 5?
0
Calculate 16 + -9 - (7 - (0 - 4)).
-4
What is the value of (-23 - (13 - 61)) + -34?
-9
-8 - -13 - (17 + (2 - 6))
-8
What is (-221 - -194) + -1 + 19?
-9
Calculate -24 + (5 - ((-3 + 8 - 5) + 2)).
-21
What is the value of (6 + -6 - -5 - (4 + -2)) + 6?
9
What is 1 + 5 + (3 - (-25 - -36))?
-2
What is 7 - 32 - (47 - 61)?
-11
What is (0 - 3 - (-16 - -16)) + -6?
-9
What is -6 + 4 + (29 - 21)?
6
Calculate (-3 - (-9 - (-4 + 6))) + -74 + 53.
-13
What is -5 - (36 + -22 + -12)?
-7
What is the value of (-5 - -18) + 0 - -10 - 6?
17
Evaluate -1 - ((21 - 28) + -1 + 1 + 15).
-9
What is the value of (-7 - -1) + (10 - ((13 - 5) + -13))?
9
What is -21 + 10 + 0 + (-2 - -6 - 6)?
-13
5 + 16 - (16 - 12)
17
What is (31 - 32 - -27) + 2?
28
What is 31 + -21 + 5 + (10 - 4)?
21
What is the value of 144 - 162 - (-2 + 0 + 10)?
-26
Calculate (-11 + 4 - -6 - (0 + -1)) + 6.
6
What is the value of 6 - (7 - (1 + 3 - -15))?
18
What is 13 + 4 + -3 + (10 - 6 - 8)?
10
Calculate -5 + 0 - (22 + -24 + -9).
6
Calculate -1 - 13 - (3 - 1 - 16).
0
Calculate 9 + -19 + (-2 + 3 - 6) + 2.
-13
What is (1 - 27) + (-326 - -376)?
24
7 - ((2 - 4 - 3) + 5 - 7)
14
Calculate -4 + (5 - (1 - (12 + -4))) + 8.
16
What is (33 - 36) + -16 + 28?
9
What is the value of 23 - (3 + (4 - 4)) - (15 - 6)?
11
Calculate 20 + -9 + 13 + -16.
8
What is the value of 4 + ((2 - -3) + (23 - -1) - 2)?
31
What is (22 - 13 - 29) + -1?
-21
Calculate 13 + (-3 - 4) - 14.
-8
What is (-282 - -261) + 11 + -1?
-11
Evaluate -18 + (24 - (-22 + 17)).
11
Evaluate (3 - 8) + 2 + 0 - (14 + -27).
10
What is the value of -6 - (9 - (7 + -4) - (7 + -5))?
-10
Calculate 2 + (-1 - 0) + 128 + -135.
-6
What is 7 - -1 - -9 - 4?
13
Evaluate 3 + (3 - 2) - (-6 + 42 + -21).
-11
Calculate -23 - -54 - (-6 - (-11 + -7)).
19
What is the value of -18 - ((-18 - -8) + -4)?
-4
-5 + 4 + 9 + (-7 - -4) - -7
12
Calculate (-1 - 9) + (-1 + -7 - (-18 + 6)).
-6
Evaluate -18 + -3 - (25 - 39).
-7
Evaluate -161 + 168 - (2 + -2 - (8 - 5)).
10
What is the value of -18 - -8 - -16 - 1 - (1 - 0)?
4
Evaluate (-46 + 35 - -7) + (1 - 1 - 3).
-7
Evaluate -4 + (-3 - 0 - (-9 - -4)) + 10.
8
Evaluate -9 - (5 + (-14 - (-2 - 10))).
-12
1 - ((-5 - (4 + -7)) + 0 + -4)
7
Evaluate -18 - ((-3 - (-2 + -2)) + (-36 - -29)).
-12
Evaluate (2 - 15) + (-9 - -9) + 7 - 1.
-7
What is the value of -2 + -6 + (14 - -1 - -1)?
8
What is -4 + 14 + -17 + 5?
-2
41 + -13 - (1 - -17)
10
What is the value of -1 + (-6 + 10 + 2 + -3 - 1)?
1
Evaluate -5 + ((-4 - -9) + 0 + -6 - -3).
-3
What is -279 + 270 + (22 - -1)?
14
14 - (-16 + 51 + -12)
-9
Evaluate (-1 - -2) + (-44 - -51).
8
7 - (-2 - (7 + (-8 - -25)) - -2)
31
Calculate -77 + 44 + (10 - 4).
-27
What is the value of 1 - (11 - 11 - 5) - 16?
-10
What is -43 - (-12 - ((-35 - -35) + -9 + 3))?
-37
Evaluate 26 + (4 - -22 - 52).
0
Calculate (0 - (1 + -5)) + -5 - -8.
7
96 + -66 - (35 + -4)
-1
What is 5 + (0 - 4 - 1) + -2 + -3?
-5
What is -9 + -6 + -7 + 8 + 10?
-4
Calculate -3 - (0 + -1 - (-51 - -60)).
7
Calculate (-2 - 4 - 1) + 11 + -8.
-4
What is -61 - -61 - (3 + (4 - 20))?
13
9 - (-19 - (16 + -54))
-10
Evaluate 2858 - 2836 - (1 + (-8 - 0)).
29
Evaluate (4 - -7) + (-3 - (-12 + 10)).
10
Evaluate (-3 - (14 + -6)) + -5 + -11.
-27
What is the value of 11 + (3 + -7 - -2) - (-143 + 141)?
11
Evaluate 45 + -68 + 25 - (-4 - 1).
7
Calculate -11 + -15 + 25 + -7 + 2 + -4.
-10
Calculate -7 - (-5 + (8 - (-8 - -13))).
-5
Evaluate 1 + -2 - (72 - 65) - 2.
-10
Evaluate 24 + (0 - (-3 - -24)).
3
Calculate 267 + -277 - (-3 - (4 - 5)).
-8
Evaluate 12 - ((-96 - -92) + 6 + 2 + 2).
6
13 + 1 + -20 - (0 + -21)
15
Evaluate -2 + -5 + -3 + 21 - 2.
9
What is 4 - 19 - (62 + -72)?
-5
Calculate (-51 - (-18 - -7)) + 15.
-25
What is the value of -15 + 7 + (7 - 6 - -1)?
-6
What is the value of -13 + 11 + -5 + 15?
8
Evaluate (11 - (5 - 7)) + -8.
5
Calculate -18 + 39 + -40 + 11.
-8
What is the value of 180 + -192 + 37 + -1?
24
Evaluate -9 + (12 - (6 - 1)).
-2
-4 + (-3 - -4) - (2 + 5 + 2)
-12
What is the value of (1 - 4) + 11 + -6 + -13?
-11
Calculate 13 + (15 + -21 - 11).
-4
What is the value of (27 - 3) + (38 + -18 - (6 - -4))?
34
4 + (1 - ((-2 - -8) + 6)) + 4
-3
Calculate 18 + (12 + 0 - (60 - 12)).
-18
Calculate (82 - (65 + 8)) + -2 + (0 - 1).
6
What is the value of -17 + (-9 - -26 - 17)?
-17
What is the value of -11 + 21 + -11 + (11 - (3 - -3))?
4
12 - (41 + -17) - -25
13
Evaluate 1 - 3 - ((7 - (12 - 0)) + 2).
